 + 433 = -4*b. Let y = b - 149. What is the remainder when y is divided by 33?
32
Let n(m) = -10*m - 7. Let k be n(4). Let b = 36 - 20. Calculate the remainder when k*(-3)/(-6)*-2 is divided by b.
15
Let n(u) = 11*u + 4*u**2 + 9 - 3*u**2 - 4*u. What is the remainder when n(-9) is divided by 56/2*(-3)/(-6)?
13
Suppose 946 + 287 = 9*y. Calculate the remainder when y is divided by 23.
22
Let s be (-3)/(-5) + (-8)/(-20). Calculate the remainder when ((162/12)/s)/((-3)/(-4)) is divided by 4.
2
Let v = 1804 + -1773. What is the remainder when 211 is divided by v?
25
Let l(n) = -n + 10. Let d be l(12). Let u be d*3*(-9)/(-6). Let h = u - -14. Calculate the remainder when 18 is divided by h.
3
What is the remainder when 389 - (7/4)/((-2)/8) is divided by 16?
12
Calculate the remainder when (-8)/(-3 + (-245)/(-85)) is divided by 19.
11
Suppose 24*i = 200 + 3016. Calculate the remainder when 517 is divided by i.
115
Let i = 167 + -71. Calculate the remainder when i is divided by 12 + -8 - (-30 + 3) - 6.
21
Suppose 4*p = -5*a - 94, 3*p - 6*a = -3*a - 57. Calculate the remainder when 86 is divided by (5 + p/(-9))*6.
42
Suppose 0 = 5*k + 2*d - 16, 4*d - 22 = 3*k - 8*k. Suppose 4*f - k*z = 146 + 56, 0 = 4*f + 2*z - 190. Calculate the remainder when f is divided by 10.
9
Calculate the remainder when 5/(-6 + (-1105)/(-180)) is divided by 7.
1
Suppose 12*q + 13*q - 325 = 0. Let n = 17 - -19. What is the remainder when n is divided by q?
10
Let g(b) = -12*b - 15. Suppose 3*q + 32 = 8. Let p = 17 - -4. What is the remainder when g(q) is divided by p?
18
Suppose -f = -8*m + 11*m + 6, 2*f + 2*m = 8. What is the remainder when 57 is divided by f?
3
Suppose -2*u + 53 = 5*y, -2*u - 2*y + 52 + 10 = 0. Let i = u + -20. Calculate the remainder when 39 is divided by i.
11
Calculate the remainder when ((-28)/10)/(11/(-110)) is divided by (1 - -31)*35/70.
12
Let p(r) = 2*r**3 + 13*r**2 + 4*r - 7. Let w be p(-6). Suppose -w*o - 92 = -3*j - 0*j, 3*j - 3*o = 90. Calculate the remainder when j is divided by 6.
5
Let t(n) = -11*n + 170. What is the remainder when 205 is divided by t(13)?
16
Let a = -38 + 20. Let i be ((-9)/a)/((-2)/(-24)). What is the remainder when (27/i)/(1/2) is divided by 5?
4
Let v(i) = 9*i - 1. Let p(m) = 5*m - 1. Let j(z) = -7*p(z) + 4*v(z). Let k be j(-5). What is the remainder when 5/(20/(-6))*k is divided by 2?
1
Let i(b) = 2*b**3 - 15*b**2 - 3*b - 8. Let c be i(7). Let u = c + 123. Calculate the remainder when u is divided by 12.
9
Suppose -3*h = -2*h - 10. Let p(t) = t**2 - 4*t - 24. Let k be p(-4). Suppose k*a = 7*a + 18. Calculate the remainder when a is divided by h.
8
What is the remainder when 167 is divided by (12/(-9))/(7*(-14)/1029)?
13
Let k be ((23 + -1)*-1)/(4/(-30)). Let o = -94 + k. Calculate the remainder when o is divided by 18.
17
Suppose -3*g + 6*g + 15 = 0. Calculate the remainder when 35 is divided by (-14 - -1)*5/g.
9
Let m(z) = z**2 + z - 15. Let f = 7 - 7. Suppose n - 7 = -n - t, n + 3*t - 1 = f. Calculate the remainder when m(5) is divided by n.
3
Calculate the remainder when 4 + (287 - 5) + 5 is divided by 42.
39
Suppose 3*w = g - 20, -3*g - 5*w + 0 + 4 = 0. Let h = -2 - -12. Let b(i) = -i**2 + 15*i - 36. Calculate the remainder when b(h) is divided by g.
6
Suppose -33*w + 338 = -1279. What is the remainder when 154 is divided by w?
7
Let p = -1661 + 1668. What is the remainder when 256 is divided by p?
4
Suppose -34 - 110 = -8*x. Calculate the remainder when 70 is divided by x.
16
Let w(u) = u + 2. Let n be w(-4). Calculate the remainder when 24 is divided by (n*3/6)/(8/(-104)).
11
Let m(a) = -a + 6 + 1 - 3*a - 7 - 7. Let j = 4 - 8. Calculate the remainder when 61 is divided by m(j).
7
Let n(r) = 2*r**3 + r**2 - 4*r + 9. Let h be n(3). Let x = h - 19. Calculate the remainder when x is divided by 7.
6
Suppose -10*o + 90 + 490 = 0. Calculate the remainder when o is divided by 30.
28
Let n(o) = o**2 + 83. Let c(l) = l**3 + l**2 + l + 157. Let k be c(0). Suppose 17 - k = -5*r. What is the remainder when n(0) is divided by r?
27
Let p = 22 - -30. Let q = -2 + 5. Suppose 0 = k + q*k - p. Calculate the remainder when 50 is divided by k.
11
Let l(y) = -6*y + 3. Let h be l(1). Let o(q) = 2*q**2 - 4*q + 1. Calculate the remainder when o(h) is divided by ((-4)/(-6))/(6/153).
14
Let t = -56 + 64. Let o = 50 + -36. What is the remainder when o is divided by t?
6
Let m be (5/(-25))/(2/(-20)). Suppose -3*c = 3*p + m*c - 639, 4*c + 884 = 4*p. Calculate the remainder when p is divided by 55.
53
Suppose 5*s + 2*s - 518 = 0. What is the remainder when 216 is divided by s?
68
Suppose 7*m = 3*m + 3*p + 188, -4*m - 2*p = -188. What is the remainder when m is divided by 7?
5
Let w(s) = s**2 + 6*s - 32. Suppose -7*n - 20 - 50 = 0. Calculate the remainder when w(n) is divided by 1 - (-2 + 0/(-2)).
2
Suppose 3*y - 3*p - p = 302, -3*y = 5*p - 311. Let n = -96 - -208. Let m = n - 77. Calculate the remainder when y is divided by m.
32
Suppose 5*w - 39 = 76. Calculate the remainder when 66 is divided by w.
20
Let o be (-2 - -1 - 1)*(-1)/2. What is the remainder when 5 is divided by -2 + -4*(-6)/8 + o?
1
Suppose 0 = 2*a - 5*i - 3, -5*i - 2 = -27. Calculate the remainder when 95 is divided by a.
11
Suppose -5*g - f + 5*f = 348, g + f + 66 = 0. Let h = -15 + 28. Calculate the remainder when g/(-3) + (-7)/(-21) is divided by h.
10
Let z(n) = -2 + 8 + 2*n + n**2 - n. Suppose -24 = -3*k + s, -2*s - 12 = -6. What is the remainder when z(k) is divided by 17?
11
Let q(h) = 9*h + 2. Let x = 14 + -9. Suppose 16 = x*y - 14. What is the remainder when q(2) is divided by y?
2
Let s(l) = l**3 - 9*l**2 - 19*l - 10. Let y(f) = f**3 - 9*f**2 - 18*f - 10. Let g(n) = 5*s(n) - 6*y(n). Calculate the remainder when 115 is divided by g(10).
35
Suppose 1 + 84 = 5*f. Suppose 4*u = -8*j + 37 + 23, j = -u + 9. What is the remainder when f is divided by j?
5
Let i = -211 - -261. What is the remainder when i is divided by 13?
11
Let h(f) = -f**3 - 14*f**2 - f + 39. Calculate the remainder when 418 is divided by h(-14).
47
Suppose 0 = -4*r - 16, 0 = -5*j + 5*r - 0 + 10. Let x(a) = -25*a - 28. Calculate the remainder when 60 is divided by x(j).
16
Suppose 2*i = j + 2*j - 74, -j - 5*i + 53 = 0. Let b = j - 14. Suppose 302 = 5*u + 97. What is the remainder when u is divided by b?
13
Let q = -57 - -120. Suppose 3*g - 5*t - 1324 = 0, -354*t = -2*g - 356*t + 872. Calculate the remainder when g is divided by q.
60
What is the remainder when 40 is divided by (150/(-40) - -1*1)*-8?
18
Let t(a) = a. Let p be t(2). Let y(o) = 3 + 1 - 3 + 13*o**3 - p*o**2 + 0. What is the remainder when 35 is divided by y(1)?
11
Suppose -l = -3*c + 1, 4*c = -4*l - 3 + 47. Suppose -4*p = 5*t - 205, 5*p = -17 - l. What is the remainder when t is divided by 12?
9
Suppose -47 = -w - 0. What is the remainder when w is divided by 25?
22
Let d(p) = -p**3 + 6*p**2 + 2*p - 11. Let k be d(-4). Let m = k - 134. What is the remainder when -1*(-1 + 0)*41 is divided by m?
6
Suppose q = 119 + 11. Suppose 2*y + i - 89 = 0, -5*y = -86*i + 85*i - 219. What is the remainder when q is divided by y?
42
Suppose 2*r + 4*l - 12 = 0, 2*l - 6 = 2*r - 36. Calculate the remainder when 137 is divided by r.
5
Suppose i - 97 = -a + 12, 0 = 3*i + 5*a - 331. What is the remainder when i is divided by 10?
7
Let t = 145 + -92. Let o = 60 - t. Calculate the remainder when 25 is divided by o.
4
Let r be (-4)/((-8)/(-98)) - 3. Let a = -46 - r. Calculate the remainder when 11 is divided by a.
5
Let x = 545 - 506. Calculate the remainder when 188 is divided by x.
32
Let l(i) = i**2 + 5*i - 11. Suppose -2*r + 7*r + w = -43, 52 = -5*r - 4*w. Calculate the remainder when 89 is divided by l(r).
11
Calculate the remainder when 15 - 23 - (1 + -277) is divided by 27.
25
Let i = 16 - 10. Suppose -5*g = 4*m - 116, -10*g = -12*g. What is the remainder when m is divided by i?
5
Suppose -4*n = -3*f - 255, -2*n = -3*f + 2*f - 127. Calculate the remainder when n is divided by 4.
3
Suppose 4*j - 197 = -3*f, 4*j - 3*f - 21 - 158 = 0. Calculate the remainder when j is divided by 16.
15
Let n be ((-8)/6)/((-9)/54). Let b = -5 + n. Suppose -b*x = 2*x - 30. What is the remainder when x is divided by 2?
0
Suppose 0 = 2*k - 5*y - 13, -y + 0 - 1 = 0. Suppose k = -g + 15